 + 20272. Calculate the remainder when v is divided by 33.
29
Let g be (-6*(-25)/15)/(-2). Calculate the remainder when 55 is divided by g - (434/(-10) + (-6)/10).
16
Suppose 68*j - 36*j - 27040 = 69888. What is the remainder when j is divided by 15?
14
Suppose -784 = 12*f - 2092. Suppose 13*y - 47 = f. What is the remainder when 23 is divided by y?
11
Suppose 59*t + 3343 = 11367. Calculate the remainder when 406 is divided by t.
134
Let o(m) = -189*m**3 - 2*m**2 - 13*m - 13. Let v(c) = 15*c - 7. Calculate the remainder when o(-1) is divided by v(3).
35
Let j(s) = -2*s + 10. Suppose -5 + 9 = i. Suppose -4*q + 12 = -5*l, 0 = -0*q + 2*q + i*l + 20. What is the remainder when 97 is divided by j(q)?
13
Suppose 2 = 807*o - 805*o. What is the remainder when 169 is divided by (7 + -1 - -37)*o?
40
Let s = 350 - 351. What is the remainder when 150 is divided by 30/4*s*102/(-15)?
48
Let h = 146 + -142. Suppose 4*w = -p + 5*p - 80, -p = h*w - 45. What is the remainder when 49 is divided by p?
24
Let m = -41 + 81. Suppose 703 + 67 = 5*d. Suppose -160 = -2*i + d. What is the remainder when i is divided by m?
37
Suppose 2 = -2*t, -2174 = -3*m - 3*t + 412. What is the remainder when m is divided by 9?
8
Suppose 0 = -p - 0*p - 30. Let l(y) = -y**3 - 15*y**2 + 5*y + 110. Let d be l(-8). What is the remainder when 93 is divided by 4/10 + (d/p - -3)?
13
Let f be 1/((7/6)/((-210)/(-90))). Suppose 5*r - 2*o - 42 = 3*r, 2*r = -f*o + 26. What is the remainder when 50 is divided by r?
16
Let q = 2156 + -731. Calculate the remainder when q is divided by 110.
105
Let s(x) = 24*x**3 + x**2 - 80*x + 79. Calculate the remainder when 53 is divided by s(1).
5
Let u = 5673 - 5195. Calculate the remainder when u is divided by 21.
16
Let q be (-84)/30 - (-4 - (-21)/5). Let k(i) = -4*i**3 + 3*i**2 - 15*i - 32. What is the remainder when k(q) is divided by 30?
28
Calculate the remainder when ((-8594)/4 - 1)*((-420)/(-63))/(-10) is divided by 29.
12
Suppose -k = -5*k + 124. Suppose -22*d + 112*d - 4441 - 779 = 0. Calculate the remainder when d is divided by k.
27
Let s(b) be the first derivative of -10*b**2 - 14*b + 12. Let m be s(2). Let l = 76 + m. What is the remainder when l is divided by 18?
4
Suppose 0*b + 16*b = 2304. What is the remainder when b is divided by (148/6)/(8/12)?
33
Calculate the remainder when 484702/1610 - 2/35 is divided by 16.
13
Let f = -318 + 361. What is the remainder when 128 is divided by (f/2)/((-62)/(-124))?
42
Let w = 56 - 48. Let h be (6/w)/(7/812). Suppose 3*t - h = -33. Calculate the remainder when 51 is divided by t.
15
Suppose -a = -4*j + 15, 3*a + 2*a + 5*j = -200. Let p = a - -28. Calculate the remainder when 69 is divided by p/(28/(-72))*1.
15
Let h = 4171 + -3865. What is the remainder when h is divided by 45?
36
Suppose -5*k - 18*k = 5589. Let w = k - -289. Let d = -7 - -17. Calculate the remainder when w is divided by d.
6
Let h(a) = -a**2 + 5*a - 7. Let f be h(6). Let k = f - -18. Suppose 0 = -10*y + 4*y + 108. Calculate the remainder when y is divided by k.
3
Calculate the remainder when 982 is divided by 54/(6 - 0) - -14.
16
Suppose 0 = 3*p - l + 6*l - 1, 2*p = -2*l + 2. Suppose 0 = 4*b - p*o - 156, -2*b + 24 = 3*o - 38. What is the remainder when 662 is divided by b?
33
Suppose 3*x - 1852 = -3*k + 6125, 2*k = 3*x + 5338. Suppose -31*m = -2018 - k. What is the remainder when m is divided by 4?
3
Let h be 2/3 - (-5610)/(-153). Let s be 1 + (-123)/6*-2. Let n = s + h. What is the remainder when 7 is divided by n?
1
Let v = -343 + 722. Suppose 2*p - 4*m + 204 - 306 = 0, -3*m = -6. Calculate the remainder when v is divided by p.
49
Suppose 0 = 2*i - k, 17*i = 19*i + k + 8. What is the remainder when 6/(-6) - (i/2 + -186) is divided by 21?
18
Suppose 95 = 5*a + 3*y - 12, a + y - 21 = 0. Suppose -2*c - 3 = f, 2*f - a = 2*c + c. Suppose -3*k = -1 - f. Calculate the remainder when 6 is divided by k.
0
Suppose 4*r + 2*u = 6*r - 38, -4*u + 14 = 2*r. Let x = -76 - -118. What is the remainder when (-25)/(-5) + -4 + x is divided by r?
13
Suppose 0 = 5*n + 3 + 2, -967 = 5*u - 3*n. Let a = u + 232. Calculate the remainder when 43 is divided by a.
5
What is the remainder when (-107859)/(-628)*(-8)/(-6) is divided by 17?
8
Suppose -13*q + 30*q - 124 = 216. Calculate the remainder when 221 is divided by q.
1
Suppose 0*s - 45 = -5*x - s, 27 = 3*x + 4*s. Let v(p) = -p**3 + 60*p**2 - 169*p - 36. What is the remainder when v(57) is divided by x?
6
Suppose 2*h = 3*l - 173, l - 2*h = 87 - 36. Suppose 569 = 2*c + 329. What is the remainder when c is divided by l?
59
Suppose -2*r = -5*p - 651, 0*r - p - 671 = -2*r. Let h(a) = -2*a**3 - 13*a**2 - 15*a - 37. What is the remainder when r is divided by h(-6)?
15
Let k(o) be the first derivative of 4*o**3/3 - 11*o**2/2 - 5*o + 107. Calculate the remainder when k(5) is divided by 30.
10
Suppose 2*k + 3*c + 15 = 6*k, 0 = -4*k + 4*c + 12. Suppose -8*g + 39 = -k*g + 5*z, z = 2*g - 21. Calculate the remainder when 23 is divided by g.
11
Let u be 0 + (-38)/4 - (-25)/50. What is the remainder when 96 is divided by -93*(-2 + 5)/u - -3?
28
Let p(h) = -h + 8. Let z(a) = -14*a + 17. Let q be z(-4). Let s = -63 + q. What is the remainder when p(-10) is divided by s?
8
Let h be 30/8*(1 + (-5)/(-15)). Suppose -k = 5*w - 4 - 4, -2*k = -h*w - 61. Calculate the remainder when 229 is divided by k.
22
Let q(d) be the second derivative of d**3/3 + 17*d**2 + 3*d - 29. Let h be 2/(-7) - 4/(-14). What is the remainder when q(h) is divided by 12?
10
Let v(m) = 26*m - 118. Suppose 0 = -3*d + 36 + 30. What is the remainder when d is divided by v(5)?
10
Let s be 94779/(-117) - 2/(-26). What is the remainder when (s/(-25))/((-2)/(-5)) is divided by (46/(-6))/(8/(-24))?
12
Let b be (-1014)/(-21)*(-12 + 19). Suppose -2*w + 5*t = -b, -w + 0*t = -t - 172. What is the remainder when w is divided by 59?
56
Let g = -853 + 1439. Let n = 381 + -353. What is the remainder when g is divided by n?
26
Suppose -5*t = -2*s - 69, -78*t + 73*t + 105 = -5*s. Suppose -1354 + 279 = -5*p. Calculate the remainder when p is divided by t.
8
Let h = -10 + 15. Let v(d) = 2*d**3 - 3*d**2 - 11*d - 3. Let y be v(h). Suppose -y = -3*g + 84. What is the remainder when g is divided by 14?
11
Let g = -3146 + 3177. What is the remainder when g is divided by 11?
9
Let u(q) = q**2 - q + 5. Let a be u(6). Suppose -8*x + a = -21. Suppose x*r - 6*r = 52. Calculate the remainder when r is divided by 27.
25
Suppose p = 3*b + 1187, -2*b = 2*p + 3*p + 797. Suppose -56 = v - 69. Calculate the remainder when 11/(b/8) + 578/9 is divided by v.
12
Let b = 2551 - 2312. What is the remainder when b is divided by 74?
17
Let p(u) = 183*u**2 + 37*u + 9. What is the remainder when p(1) is divided by 58?
55
Suppose -585*w - 168 = -4*g - 583*w, -3*w + 68 = 2*g. Calculate the remainder when 363 is divided by g.
3
Let h(u) = 7*u**2 + 21*u + 55. Let l(i) = 16*i**2 + 41*i + 111. Let o(p) = 9*h(p) - 4*l(p). What is the remainder when o(12) is divided by 18?
9
Suppose 98 = k - 5*b, k + 7*b = 2*b + 138. Suppose 5*z - 69 = -3*v + 84, -3*v = -3. Calculate the remainder when k is divided by z.
28
Let n = 7892 + -7890. What is the remainder when 193 is divided by n?
1
Let f = -417 - -383. Calculate the remainder when (-199 + 0)*(f + 33) is divided by 23.
15
Calculate the remainder when (4830/8)/5 + 1/4 is divided by 6/8*(-7 + 1295/21).
39
Let o = 553 - 502. Suppose -20*k - o = -351. Suppose 61 = 2*j - 21. What is the remainder when j is divided by k?
11
Let s(z) = 418 - 17*z - 786 + z**2 + 454. Calculate the remainder when s(17) is divided by 30.
26
Let x = 3431 + -3394. Calculate the remainder when 254 is divided by x.
32
Let v = 434 + -415. Suppose -v*u + 54 = -13*u. Let b = -54 - -114. What is the remainder when b is divided by u?
6
Let d(k) = 3*k**2 + 40*k + 99. Calculate the remainder when d(14) is divided by 6.
5
Let o = 36 - -34. Let g(w) = w**3 - 12*w**2 + 38*w + 6. What is the remainder when o is divided by g(6)?
16
Suppose 27*j - 32*j - 17930 = -27*j. What is the remainder when j is divided by 383?
49
Suppose 2*r - 51 = -3*o, 6*r = 5*o - 83 - 58. Calculate the remainder when 605 is divided by o.
17
Let w = 16 - -8. Let o be w/(((-36)/(-8))/(-3)). What is the remainder when ((-4)/o)/(2/488) is 